greatest common divisor of h and k?
18
Suppose -3*c + 299 = c - s, 3*c + 4*s = 248. Suppose c = 4*m + 16. Calculate the greatest common factor of m and 30.
15
Suppose -5*j + 16 = 2*x, -j - 3*j - 4*x + 8 = 0. Suppose -3*l + 9 = -j*k, -3*l - 3*k = -l - 6. Let u = -47 + 80. Calculate the highest common factor of l and u.
3
Let y = -121 - -185. Calculate the greatest common factor of 160 and y.
32
Let l = -6 - -12. Let z be (3 - 0)/(l/4). Suppose 7*o - 24 = 4*o. Calculate the highest common factor of o and z.
2
Suppose i + 28 = 5*x, -3*x - 2*x + 74 = -3*i. Let u = -14 - i. What is the greatest common divisor of 27 and u?
9
Let o(a) = -7*a - 21. Let t be o(-10). Calculate the highest common factor of t and 147.
49
Let r(b) = b**3 + b**2 + b + 1. Let j(c) = 2*c**3 + 9*c**2 + 5*c - 3. Let p(i) = j(i) - 3*r(i). Let u be p(6). Calculate the greatest common divisor of 6 and u.
6
Let f be 1 + (-24)/(-1 + 0). Suppose -f = -5*r + 40. Suppose -57 - 263 = -3*w + 4*c, 5*c = -10. What is the highest common divisor of w and r?
13
Let g = 76 - 44. Suppose -11*n - 8 = -52. What is the highest common factor of n and g?
4
Let q be (16/10)/((-2)/(-5)). Suppose 2*k + k + 4*x = 98, -5*k - q*x = -150. What is the greatest common factor of 65 and k?
13
Let b(i) = -i**3 + 12*i**2 - 5*i - 16. Let d be b(11). Suppose 7*t - 2*t + 3*v = d, 2*t + 5*v = 20. What is the highest common factor of t and 25?
5
Let z be 5 - 9 - (2 + -9). Let t(s) = 33*s. Let k be t(z). Calculate the highest common divisor of k and 9.
9
Suppose 0*c + 3*c + 6 = 0, -114 = -5*q + 2*c. What is the highest common divisor of q and 110?
22
Let g = 24 + -15. What is the highest common divisor of g and 45?
9
Let l be (-76)/(-28) + 8/28. Suppose -4*y = 5*s - 26, 3*y - l*s = -2*y + 51. What is the highest common factor of 81 and y?
9
Let s(u) = -1 - 3 + u + 0. Let z be s(8). What is the greatest common divisor of z and 28?
4
Let j = -4 + 10. Calculate the highest common factor of 3 and j.
3
Suppose 2*o = 2*c + c - 22, -4*o = -2*c + 28. Suppose 0 = -u + c*u - 27. What is the highest common factor of u and 81?
9
Suppose 8*k = 138 - 50. Calculate the highest common factor of k and 11.
11
Let x = 11 + 24. Let z = -4 - -4. Suppose 4*r + z = -8, 3*c - 11 = -5*r. Calculate the greatest common factor of c and x.
7
Suppose -3*r + 15 = -0*h - h, 0 = -3*h + 3*r - 69. Suppose -43 = 4*a + 13. Let j be 2*h/6*a. What is the greatest common factor of 18 and j?
18
Let q be -2 - -6*(-3)/(-2). Suppose 2*f + c - 6 = q, 4*c = -3*f + 22. What is the greatest common factor of f and 4?
2
Let q(t) = -t**3 - 6*t**2 - 8*t - 5. Let w be q(-5). Calculate the highest common divisor of w and 110.
10
Let x(j) = 5*j - 9. Let i be x(6). Calculate the greatest common factor of i and 231.
21
Let z be (-251)/(-2) - 4/(-8). What is the highest common divisor of 14 and z?
14
Suppose -f + 4*v + 18 = -v, -5*f = 4*v - 61. Let l(o) = 15*o + 8. Suppose 3*p + 2*p - 45 = 0. Let u be l(p). Calculate the greatest common divisor of f and u.
13
Let u(q) = 8*q + q**3 - 2 - 3*q**2 + 3 - 2. Let x be u(6). Suppose -3*h = -7*h - 4*g + 228, -x = -3*h + 5*g. What is the greatest common divisor of h and 22?
11
Let v be (14/(-3))/((-1)/3). Calculate the greatest common divisor of v and 154.
14
Suppose 6*z - 17 - 7 = 0. Suppose 0 = z*k - 59 - 181. What is the greatest common factor of 20 and k?
20
Let v(j) be the third derivative of j**4/8 - 2*j**3/3 - 10*j**2. Let i be v(10). What is the highest common factor of i and 65?
13
Suppose 5*q + 0*q = 15. Let r = 24 - q. Calculate the highest common divisor of 168 and r.
21
Let m(t) = -t**2 + 7*t - 9. Let d be m(4). Suppose -5*f + 23 + 10 = -d*j, 5*j = 2*f - 17. What is the greatest common factor of f and 54?
6
Suppose 4*z + 1 = 5*j - 6, -1 = -5*z + 3*j. Let p be 4/z*(1 + 6). Let o(a) = -125*a**3 - a. Let r be o(-1). Calculate the highest common factor of r and p.
14
Suppose -g - 17 = 4*h, -5*h = 4*g - 2*g + 19. Suppose 0 = -0*p - 2*p + 3*l + 212, 0 = -p - g*l + 124. Calculate the greatest common divisor of p and 14.
14
Let h be (-68)/(-6) - (-2)/(-6). Let d = 20 - 16. Suppose -48 = -3*t - t + d*x, -2*t - 3*x = -19. What is the greatest common factor of t and h?
11
Let t = 74 + -29. Let l be (-2)/(-4) - t/(-6). Calculate the highest common factor of 8 and l.
8
Suppose -120 = -t - 0*t. Suppose 11 = 5*q + 36, 2*q = -5*r + 115. Suppose -2*y - 1 = -r. Calculate the greatest common divisor of t and y.
12
Let l be ((-8)/10)/(4/20). Let r be (-5)/(10/l) + 108. Let p = -15 + 25. Calculate the greatest common factor of p and r.
10
Let y = -90 + 62. Let h be 26/7 - 8/y. Suppose -h = -5*p + 11. Calculate the greatest common divisor of p and 3.
3
Let w = 1 + -6. Let q = 10 + w. Suppose d - 13 - 12 = 0. Calculate the greatest common factor of q and d.
5
Suppose 0*q + 2*q = 2*g, -3*q = 3*g - 12. Let r be 52/(-6)*(-24)/q. Let w = -19 - -32. What is the greatest common factor of w and r?
13
Suppose 3*d - 58 + 7 = 0. Calculate the highest common factor of d and 17.
17
Let w be 3/(2 + (-2)/4). Let r be w/(-1) + 0 + 17. Calculate the greatest common factor of 120 and r.
15
Let j(o) = -o**2 - 8*o + 1. Let x be j(-7). Calculate the greatest common factor of 40 and x.
8
Let r(y) = 5*y - 12. Let s be r(6). Let h be (s/(-10))/((-1)/35). Calculate the greatest common factor of h and 7.
7
Suppose -5*p + 0 = -60. What is the greatest common divisor of p and 12?
12
Suppose -504 = -4*u + y - 66, 5*u - y = 548. What is the greatest common factor of u and 10?
10
Let n(o) = o**3 - 9*o**2 - 4*o + 3. Let d be n(10). What is the highest common factor of d and 7?
7
Let l = -69 + 75. What is the highest common factor of l and 48?
6
Suppose 2*v - 17 - 1 = 0. Calculate the highest common divisor of v and 45.
9
Let g(i) = i**3 - 8*i**2 + 4*i + 1. Let y be g(8). What is the highest common divisor of y and 22?
11
Let j be (1/(-3))/((-1)/6). Suppose 7*i + 172 = 4*f + 2*i, j*f + i - 100 = 0. Suppose -4*u + 0*u = -f. Calculate the greatest common divisor of u and 108.
12
Suppose 0 - 6 = -3*r, 5*r = -3*t + 16. Suppose -4*l + 50 = t*x - 6*l, -5*x + 101 = l. Suppose z = 2*z - x. Calculate the highest common divisor of z and 7.
7
Suppose r + 3*r = 3*t - 281, -3*t + r + 275 = 0. Calculate the highest common factor of t and 7.
7
Suppose -243 = -4*n - j, 2*j = 7 - 1. Suppose 39 = t - n. Let f = -9 + 20. Calculate the highest common divisor of t and f.
11
Suppose -n = n - 6, -2*n + 61 = 5*w. Let k be 3 + 0 + -2 + 10. Calculate the greatest common factor of k and w.
11
Let v(a) = -a - 3. Let i be (1 - -1)*44/(-8). Let y be v(i). What is the greatest common divisor of 12 and y?
4
Suppose 0 = -3*f + 2 + 10. Let l be 22 + 2*f/2. What is the greatest common factor of l and 39?
13
Let x be 2/10 + (-36)/(-20). Let w be (6/(-8))/(x/(-8)). Let i be w/(9/6) + 0. What is the highest common factor of i and 1?
1
Let d(m) = -m + 42*m + 0 + 2 + 17*m. Let k be d(3). Let v be 17 + (-2 - -1)*1. Calculate the highest common divisor of v and k.
16
Let d = -34 + 55. What is the greatest common factor of d and 21?
21
Let h be (1/3)/((-2)/6). Let k(d) = 7*d**2 + 2*d + 1. Let t be k(h). Calculate the greatest common factor of 12 and t.
6
Suppose 5*o + a - 26 = 0, 2*o + o - 18 = -3*a. Calculate the highest common divisor of 10 and o.
5
Let z = -3 + 9. Suppose 0 = -5*m + 31 - z. Calculate the highest common divisor of m and 35.
5
Let j = -1 + 2. Let h = 46 + -42. What is the greatest common factor of h and j?
1
Let w = -11 - -15. Suppose -3*x - 2*t = -27, -3*t + w = 2*x - 14. What is the highest common factor of x and 3?
3
Let i be (-4 - -3) + 3 + 10. What is the greatest common divisor of i and 96?
12
Suppose 5*g + 41 - 461 = 0. What is the greatest common divisor of 12 and g?
12
Let r be (8 - 3)*(-264)/(-20). Calculate the greatest common factor of 165 and r.
33
Let u(f) = -5*f**3 + 0*f**2 + 5*f + 2*f**3 + 2*f**3 + 2 - 6*f**2. Let s be u(-7). Calculate the greatest common factor of s and 4.
4
Let l(i) = 6*i**2 + i. Let w be l(-1). Suppose 0 = -3*x + w*x - 140. What is the greatest common divisor of 7 and x?
7
Suppose 5*w - 19 = 1. Suppose w*d + 54 = 7*d. What is the highest common factor of d and 2?
2
Let z(l) = 2*l - 4. Let j be z(6). Let g be 22 + -4 + (-2)/1. What is the highest common divisor